{"id":184,"date":"2025-10-17T07:01:36","date_gmt":"2025-10-17T07:01:36","guid":{"rendered":"https:\/\/finsk-lapphund.dk\/?page_id=184"},"modified":"2025-10-17T07:02:37","modified_gmt":"2025-10-17T07:02:37","slug":"lappkees-chubasco-dk14180-2019","status":"publish","type":"page","link":"https:\/\/finsk-lapphund.dk\/index.php\/lappkees-chubasco-dk14180-2019\/","title":{"rendered":"LappKees Chubasco DK14180\/2019"},"content":{"rendered":"\n<figure class=\"wp-block-image size-large\"><img loading=\"lazy\" decoding=\"async\" width=\"1024\" height=\"683\" src=\"https:\/\/finsk-lapphund.dk\/wp-content\/uploads\/2025\/10\/503610494_10234635367718860_3140275853317587125_n-1024x683.jpg\" alt=\"\" class=\"wp-image-185\" srcset=\"https:\/\/finsk-lapphund.dk\/wp-content\/uploads\/2025\/10\/503610494_10234635367718860_3140275853317587125_n-1024x683.jpg 1024w, https:\/\/finsk-lapphund.dk\/wp-content\/uploads\/2025\/10\/503610494_10234635367718860_3140275853317587125_n-300x200.jpg 300w, https:\/\/finsk-lapphund.dk\/wp-content\/uploads\/2025\/10\/503610494_10234635367718860_3140275853317587125_n-768x512.jpg 768w, https:\/\/finsk-lapphund.dk\/wp-content\/uploads\/2025\/10\/503610494_10234635367718860_3140275853317587125_n-1536x1024.jpg 1536w, https:\/\/finsk-lapphund.dk\/wp-content\/uploads\/2025\/10\/503610494_10234635367718860_3140275853317587125_n.jpg 2048w\" sizes=\"auto, (max-width: 1024px) 100vw, 1024px\" \/><\/figure>\n\n\n\n<figure class=\"wp-block-image size-large is-style-rounded\"><img loading=\"lazy\" decoding=\"async\" width=\"1024\" height=\"683\" src=\"https:\/\/finsk-lapphund.dk\/wp-content\/uploads\/2025\/10\/027A2079-1024x683.jpg\" alt=\"\" class=\"wp-image-186\" srcset=\"https:\/\/finsk-lapphund.dk\/wp-content\/uploads\/2025\/10\/027A2079-1024x683.jpg 1024w, https:\/\/finsk-lapphund.dk\/wp-content\/uploads\/2025\/10\/027A2079-300x200.jpg 300w, https:\/\/finsk-lapphund.dk\/wp-content\/uploads\/2025\/10\/027A2079-768x512.jpg 768w, https:\/\/finsk-lapphund.dk\/wp-content\/uploads\/2025\/10\/027A2079-1536x1024.jpg 1536w, https:\/\/finsk-lapphund.dk\/wp-content\/uploads\/2025\/10\/027A2079-2048x1365.jpg 2048w\" sizes=\"auto, (max-width: 1024px) 100vw, 1024px\" \/><\/figure>\n\n\n\n<p>HD: A<\/p>\n\n\n\n<p>AD: 0<\/p>\n\n\n\n<p>PRA, Pompes fri<\/p>\n\n\n\n<p>\u00d8jenlyst 26.7.2023 &#8211; anden \u00f8jenlysning med PPM iris (som man m\u00e5 avle p\u00e5, men t\u00e6ven skal v\u00e6re fri) <\/p>\n\n\n\n<p><a href=\"https:\/\/finnishlapphund.breedarchive.com\/animal\/view\/lappkees-chubasco-b760b1d4-c802-4bcd-b30f-322015469fe9\">https:\/\/finnishlapphund.breedarchive.com\/animal\/view\/lappkees-chubasco-b760b1d4-c802-4bcd-b30f-322015469fe9<\/a><\/p>\n\n\n\n<p><\/p>\n","protected":false},"excerpt":{"rendered":"<p>HD: A AD: 0 PRA, Pompes fri \u00d8jenlyst 26.7.2023 &#8211; anden \u00f8jenlysning med PPM iris (som man m\u00e5 avle p\u00e5, men t\u00e6ven skal v\u00e6re fri) https:\/\/finnishlapphund.breedarchive.com\/animal\/view\/lappkees-chubasco-b760b1d4-c802-4bcd-b30f-322015469fe9<\/p>\n","protected":false},"author":1,"featured_media":0,"parent":0,"menu_order":0,"comment_status":"closed","ping_status":"closed","template":"","meta":{"footnotes":""},"class_list":["post-184","page","type-page","status-publish","hentry"],"_links":{"self":[{"href":"https:\/\/finsk-lapphund.dk\/index.php\/wp-json\/wp\/v2\/pages\/184","targetHints":{"allow":["GET"]}}],"collection":[{"href":"https:\/\/finsk-lapphund.dk\/index.php\/wp-json\/wp\/v2\/pages"}],"about":[{"href":"https:\/\/finsk-lapphund.dk\/index.php\/wp-json\/wp\/v2\/types\/page"}],"author":[{"embeddable":true,"href":"https:\/\/finsk-lapphund.dk\/index.php\/wp-json\/wp\/v2\/users\/1"}],"replies":[{"embeddable":true,"href":"https:\/\/finsk-lapphund.dk\/index.php\/wp-json\/wp\/v2\/comments?post=184"}],"version-history":[{"count":2,"href":"https:\/\/finsk-lapphund.dk\/index.php\/wp-json\/wp\/v2\/pages\/184\/revisions"}],"predecessor-version":[{"id":188,"href":"https:\/\/finsk-lapphund.dk\/index.php\/wp-json\/wp\/v2\/pages\/184\/revisions\/188"}],"wp:attachment":[{"href":"https:\/\/finsk-lapphund.dk\/index.php\/wp-json\/wp\/v2\/media?parent=184"}],"curies":[{"name":"wp","href":"https:\/\/api.w.org\/{rel}","templated":true}]}}