{"id":190,"date":"2025-10-17T07:40:25","date_gmt":"2025-10-17T07:40:25","guid":{"rendered":"https:\/\/finsk-lapphund.dk\/?page_id=190"},"modified":"2026-03-01T15:27:46","modified_gmt":"2026-03-01T15:27:46","slug":"lappkees-pavo-dk16334-2018","status":"publish","type":"page","link":"https:\/\/finsk-lapphund.dk\/index.php\/lappkees-pavo-dk16334-2018\/","title":{"rendered":"LappKees Pavo DK16334\/2018"},"content":{"rendered":"\n<figure class=\"wp-block-image size-large\"><img loading=\"lazy\" decoding=\"async\" width=\"1024\" height=\"683\" src=\"https:\/\/finsk-lapphund.dk\/wp-content\/uploads\/2025\/10\/490122538_18036392711555094_3379654776445573045_n-1024x683.jpg\" alt=\"\" class=\"wp-image-191\" srcset=\"https:\/\/finsk-lapphund.dk\/wp-content\/uploads\/2025\/10\/490122538_18036392711555094_3379654776445573045_n-1024x683.jpg 1024w, https:\/\/finsk-lapphund.dk\/wp-content\/uploads\/2025\/10\/490122538_18036392711555094_3379654776445573045_n-300x200.jpg 300w, https:\/\/finsk-lapphund.dk\/wp-content\/uploads\/2025\/10\/490122538_18036392711555094_3379654776445573045_n-768x512.jpg 768w, https:\/\/finsk-lapphund.dk\/wp-content\/uploads\/2025\/10\/490122538_18036392711555094_3379654776445573045_n-1536x1024.jpg 1536w, https:\/\/finsk-lapphund.dk\/wp-content\/uploads\/2025\/10\/490122538_18036392711555094_3379654776445573045_n-2048x1365.jpg 2048w\" sizes=\"auto, (max-width: 1024px) 100vw, 1024px\" \/><\/figure>\n\n\n\n<p>HD: B<\/p>\n\n\n\n<p>PRA, Pompes fri<\/p>\n\n\n\n<p>\u00d8jenlyst d. 12.2.2025 (tredje gang uden anm\u00e6rkning)<\/p>\n\n\n\n<p>Sidste \u00e5r Pavo indg\u00e5r i avl er 2026<\/p>\n\n\n\n<p><a href=\"https:\/\/finnishlapphund.breedarchive.com\/animal\/view\/lappkees-pavo-290e6e0e-4fd6-4674-8aa8-a93ea6128379\">https:\/\/finnishlapphund.breedarchive.com\/animal\/view\/lappkees-pavo-290e6e0e-4fd6-4674-8aa8-a93ea6128379<\/a><\/p>\n\n\n\n<p><\/p>\n","protected":false},"excerpt":{"rendered":"<p>HD: B PRA, Pompes fri \u00d8jenlyst d. 12.2.2025 (tredje gang uden anm\u00e6rkning) Sidste \u00e5r Pavo indg\u00e5r i avl er 2026 https:\/\/finnishlapphund.breedarchive.com\/animal\/view\/lappkees-pavo-290e6e0e-4fd6-4674-8aa8-a93ea6128379<\/p>\n","protected":false},"author":1,"featured_media":0,"parent":0,"menu_order":0,"comment_status":"closed","ping_status":"closed","template":"","meta":{"footnotes":""},"class_list":["post-190","page","type-page","status-publish","hentry"],"_links":{"self":[{"href":"https:\/\/finsk-lapphund.dk\/index.php\/wp-json\/wp\/v2\/pages\/190","targetHints":{"allow":["GET"]}}],"collection":[{"href":"https:\/\/finsk-lapphund.dk\/index.php\/wp-json\/wp\/v2\/pages"}],"about":[{"href":"https:\/\/finsk-lapphund.dk\/index.php\/wp-json\/wp\/v2\/types\/page"}],"author":[{"embeddable":true,"href":"https:\/\/finsk-lapphund.dk\/index.php\/wp-json\/wp\/v2\/users\/1"}],"replies":[{"embeddable":true,"href":"https:\/\/finsk-lapphund.dk\/index.php\/wp-json\/wp\/v2\/comments?post=190"}],"version-history":[{"count":2,"href":"https:\/\/finsk-lapphund.dk\/index.php\/wp-json\/wp\/v2\/pages\/190\/revisions"}],"predecessor-version":[{"id":227,"href":"https:\/\/finsk-lapphund.dk\/index.php\/wp-json\/wp\/v2\/pages\/190\/revisions\/227"}],"wp:attachment":[{"href":"https:\/\/finsk-lapphund.dk\/index.php\/wp-json\/wp\/v2\/media?parent=190"}],"curies":[{"name":"wp","href":"https:\/\/api.w.org\/{rel}","templated":true}]}}